{"id":102,"date":"2025-03-05T16:54:19","date_gmt":"2025-03-05T16:54:19","guid":{"rendered":"https:\/\/alexander.lackner.pages.hak-schwaz.at\/?page_id=102"},"modified":"2025-03-25T13:58:53","modified_gmt":"2025-03-25T13:58:53","slug":"minf","status":"publish","type":"page","link":"https:\/\/alexander.lackner.pages.hak-schwaz.at\/?page_id=102","title":{"rendered":"MINF"},"content":{"rendered":"\n<h2 class=\"wp-block-heading has-text-align-center\">MINF<\/h2>\n\n\n\n<p class=\"has-text-align-center\">\u200bDas Fach MINF (Medieninformatik) an der Handelsakademie vermittelt Sch\u00fcler*innen praktische F\u00e4higkeiten in der Erstellung und Bearbeitung digitaler Medien, insbesondere in der Audio- und Videobearbeitung. Dazu geh\u00f6ren das Arbeiten mit aktuellen Schnittprogrammen, das Bearbeiten von Videomaterial, das Hinzuf\u00fcgen von Tonelementen sowie die Anwendung von Effekten wie Overlay und Greenbox.<\/p>\n\n\n\n<p><\/p>\n","protected":false},"excerpt":{"rendered":"<p>MINF \u200bDas Fach MINF (Medieninformatik) an der Handelsakademie vermittelt Sch\u00fcler*innen praktische F\u00e4higkeiten in der Erstellung und Bearbeitung digitaler Medien, insbesondere in der Audio- und Videobearbeitung. &hellip;<\/p>\n","protected":false},"author":1,"featured_media":0,"parent":0,"menu_order":0,"comment_status":"closed","ping_status":"closed","template":"","meta":{"footnotes":""},"class_list":["post-102","page","type-page","status-publish","hentry"],"_links":{"self":[{"href":"https:\/\/alexander.lackner.pages.hak-schwaz.at\/index.php?rest_route=\/wp\/v2\/pages\/102","targetHints":{"allow":["GET"]}}],"collection":[{"href":"https:\/\/alexander.lackner.pages.hak-schwaz.at\/index.php?rest_route=\/wp\/v2\/pages"}],"about":[{"href":"https:\/\/alexander.lackner.pages.hak-schwaz.at\/index.php?rest_route=\/wp\/v2\/types\/page"}],"author":[{"embeddable":true,"href":"https:\/\/alexander.lackner.pages.hak-schwaz.at\/index.php?rest_route=\/wp\/v2\/users\/1"}],"replies":[{"embeddable":true,"href":"https:\/\/alexander.lackner.pages.hak-schwaz.at\/index.php?rest_route=%2Fwp%2Fv2%2Fcomments&post=102"}],"version-history":[{"count":2,"href":"https:\/\/alexander.lackner.pages.hak-schwaz.at\/index.php?rest_route=\/wp\/v2\/pages\/102\/revisions"}],"predecessor-version":[{"id":166,"href":"https:\/\/alexander.lackner.pages.hak-schwaz.at\/index.php?rest_route=\/wp\/v2\/pages\/102\/revisions\/166"}],"wp:attachment":[{"href":"https:\/\/alexander.lackner.pages.hak-schwaz.at\/index.php?rest_route=%2Fwp%2Fv2%2Fmedia&parent=102"}],"curies":[{"name":"wp","href":"https:\/\/api.w.org\/{rel}","templated":true}]}}